{"id":7,"date":"2009-04-15T08:44:31","date_gmt":"2009-04-15T11:44:31","guid":{"rendered":"http:\/\/www.geotexes.com.br\/site\/?page_id=2"},"modified":"2025-05-29T15:27:21","modified_gmt":"2025-05-29T18:27:21","slug":"sobre","status":"publish","type":"page","link":"https:\/\/geotexes.com.br\/portal\/sobre\/","title":{"rendered":"Empresa"},"content":{"rendered":"<p><strong>Geotex Com\u00e9rcio de Geossint\u00e9ticos Ltda-Me<\/strong><\/p>\n<p>Geotex Com\u00e9rcio de Geossint\u00e9ticos Ltda-Me h\u00e1 12 anos atua no mercado do estado do Esp\u00edrito Santo, na representa\u00e7\u00e3o e distribui\u00e7\u00e3o de produtos Geossint\u00e9ticos: <strong>Bidim, Kanaflex, Geocomposto Drenante e Blocos Terrae.<\/strong> Colocamos \u00e0 disposi\u00e7\u00e3o de nossos clientes, produtos t\u00e9cnicamente seguros com qualidade e economicamente vi\u00e1ves.<\/p>\n<ul>\n<li>Obra Ponte da Passagem &#8211; Cura umida do concreto<\/li>\n<li>Obra Flexibras &#8211; Aterro hidr\u00e1ulico<\/li>\n<li>Fernando Ferrari &#8211; Aterro sobre solo mole<\/li>\n<li>Obra Terminal Rodovi\u00e1rio &#8211; Refor\u00e7o de solo<\/li>\n<li>Camisa &#8211; Bidim<\/li>\n<li>Drenagem Vertical &#8211; Geocomposto Drenante<\/li>\n<\/ul>\n<p>Seja qual for seu projeto que envolva geossint\u00e9ticos, entre em contato conosco.<\/p>\n","protected":false},"excerpt":{"rendered":"<p>Geotex Com\u00e9rcio de Geossint\u00e9ticos Ltda-Me Geotex Com\u00e9rcio de Geossint\u00e9ticos Ltda-Me h\u00e1 12 anos atua no mercado do estado do Esp\u00edrito Santo, na representa\u00e7\u00e3o e distribui\u00e7\u00e3o de produtos Geossint\u00e9ticos: Bidim, Kanaflex, Geocomposto Drenante e Blocos Terrae. Colocamos \u00e0 disposi\u00e7\u00e3o de nossos clientes, produtos t\u00e9cnicamente seguros com qualidade e economicamente vi\u00e1ves. Obra Ponte da Passagem &#8211; Cura&hellip;&nbsp;<a href=\"https:\/\/geotexes.com.br\/portal\/sobre\/\" class=\"\" rel=\"bookmark\">Continue a ler &raquo;<span class=\"screen-reader-text\">Empresa<\/span><\/a><\/p>\n","protected":false},"author":1,"featured_media":0,"parent":0,"menu_order":0,"comment_status":"closed","ping_status":"closed","template":"","meta":{"neve_meta_sidebar":"","neve_meta_container":"","neve_meta_enable_content_width":"off","neve_meta_content_width":70,"neve_meta_title_alignment":"","neve_meta_author_avatar":"","neve_post_elements_order":"","neve_meta_disable_header":"","neve_meta_disable_footer":"","neve_meta_disable_title":""},"_links":{"self":[{"href":"https:\/\/geotexes.com.br\/portal\/wp-json\/wp\/v2\/pages\/7"}],"collection":[{"href":"https:\/\/geotexes.com.br\/portal\/wp-json\/wp\/v2\/pages"}],"about":[{"href":"https:\/\/geotexes.com.br\/portal\/wp-json\/wp\/v2\/types\/page"}],"author":[{"embeddable":true,"href":"https:\/\/geotexes.com.br\/portal\/wp-json\/wp\/v2\/users\/1"}],"replies":[{"embeddable":true,"href":"https:\/\/geotexes.com.br\/portal\/wp-json\/wp\/v2\/comments?post=7"}],"version-history":[{"count":1,"href":"https:\/\/geotexes.com.br\/portal\/wp-json\/wp\/v2\/pages\/7\/revisions"}],"predecessor-version":[{"id":348,"href":"https:\/\/geotexes.com.br\/portal\/wp-json\/wp\/v2\/pages\/7\/revisions\/348"}],"wp:attachment":[{"href":"https:\/\/geotexes.com.br\/portal\/wp-json\/wp\/v2\/media?parent=7"}],"curies":[{"name":"wp","href":"https:\/\/api.w.org\/{rel}","templated":true}]}}