{"id":30,"date":"2009-04-15T09:58:44","date_gmt":"2009-04-15T12:58:44","guid":{"rendered":"http:\/\/www.geotexes.com.br\/site\/?page_id=30"},"modified":"2020-04-14T01:44:14","modified_gmt":"2020-04-14T04:44:14","slug":"geotextil-bidim-naotecido","status":"publish","type":"page","link":"https:\/\/geotexes.com.br\/portal\/produtos\/bidim\/geotextil-bidim-naotecido\/","title":{"rendered":"Geot\u00eaxtil Bidim N\u00e3otecido"},"content":{"rendered":"<p style=\"text-align: left;\"><a href=\"http:\/\/geotexes.com.br\/portal\/produtos\/bidim\/versatilidade-e-desempenho\/\">Fun\u00e7\u00f5es &#8211; Versatilidade e Desmpenho<\/a><br \/>\n<a href=\"http:\/\/geotexes.com.br\/portal\/produtos\/bidim\/aplicacoes\/\">Aplica\u00e7\u00f5es &#8211; Melhor custo Benef\u00edcio<\/a><\/p>\n<h2 style=\"text-align: center;\"><strong>Bidim RT<\/strong><\/h2>\n<p><strong>N\u00e3otecido agulhado de filamentos cont\u00ednuos 100% poli\u00e9stter.<\/strong><\/p>\n<ul>\n<li>Alta durabilidade<strong>.<\/strong><\/li>\n<li>Elevada porosidade e permeabilidade.<\/li>\n<li>Melhor rela\u00e7\u00e3o de isotropia.<\/li>\n<li>filtra\u00e7\u00e3o eficaz ao longo do tempo.<\/li>\n<li>Maior resist\u00eancia mec\u00e2nica.<\/li>\n<li>Material sint\u00e9tico imputresc\u00edvel<\/li>\n<li>Maior resist\u00eancia aos raios UVa e UVb.<!--nextpage--><\/li>\n<\/ul>\n<h2 style=\"text-align: center;\"><strong>Bidim PP<\/strong><\/h2>\n<p style=\"text-align: left;\"><strong>N\u00e3otecido agulhado 100% polipropileno. Adequado para obras ambientais.<\/strong><\/p>\n<ul>\n<li>Alta resist\u00eancia qu\u00edmica e mec\u00e2nica.<\/li>\n<li>Excelente resist\u00eancia UVa e UVb.<\/li>\n<li>Protege o meio ambiente.<\/li>\n<li>Material imputresc\u00edvel.<\/li>\n<li>Permeabilidade adequada as suas necessidades.<\/li>\n<\/ul>\n<p><!--nextpage--><\/p>\n<h2 style=\"text-align: center;\"><strong>Vantagens<\/strong><\/h2>\n<ul>\n<li>\n<p style=\"text-align: left;\">Elevada permeabilidade: sua permeabilidade compat\u00edvel com uma areia m\u00e9dia\/grossa, permite a r\u00e1pida passagem da \u00e1gua em todos os tipos de solos, desde argilas a solos arenosos.<\/p>\n<\/li>\n<li>Abertura de filtra\u00e7\u00e3o compat\u00edvel: sua estrutura f\u00edsica permite reter as part\u00edculas maiores do solo criando um pr\u00e9 &#8211; filtro a montante. com isso o geot\u00eaxtil Bidim, consegue reter de forma eficaz todos os tipos de solos, garantindo a vida \u00fatil do seu sistema de drenagem.<\/li>\n<\/ul>\n<ul>\n<li>Excelente intera\u00e7\u00e3o com o solo: Bidim possui uma superf\u00edcie que permite um excelente coeficiente de atrito com o solo, dessa forma, garante uma eficaz transmiss\u00e3o de esfor\u00e7os. Com isso n\u00e3o tem risco de escorregar em aplica\u00e7\u00e3o em taludes.<\/li>\n<\/ul>\n<ul>\n<li><strong>O Tradicional Bidim RT 100% poliester <\/strong>tem baixa flu\u00eancia<strong>,<\/strong> mant\u00e9m sua estabilidade ao longo do tempo. Praticamente n\u00e3o se deforma quando submetido a carga constante. Garantindo assim uma maior vida \u00fatil a sua obra.<\/li>\n<\/ul>\n<ul>\n<li>Alta resist\u00eancia mec\u00e2nica: o processo de fabrica\u00e7\u00e3o de filamentos cont\u00ednuos do Bidim permite alta resist\u00eancia mec\u00e2nica, satisfazendo as mais exigentes especifica\u00e7\u00f5es e projetos.<\/li>\n<\/ul>\n<ul>\n<li><strong>O Bidim PP 100% polipropileno, <\/strong>resistindo as mais extremas solicita\u00e7\u00f5es de ataques quimicos, pode ser usado em minera\u00e7\u00e3o por lixivia\u00e7\u00e3o, aterros industriais, lagoas de rejeitos e todas as demais obras onde a estabilidade qu\u00edmica se faz primordial.<\/li>\n<\/ul>\n","protected":false},"excerpt":{"rendered":"<p>Fun\u00e7\u00f5es &#8211; Versatilidade e Desmpenho Aplica\u00e7\u00f5es &#8211; Melhor custo Benef\u00edcio Bidim RT N\u00e3otecido agulhado de filamentos cont\u00ednuos 100% poli\u00e9stter. Alta durabilidade. Elevada porosidade e permeabilidade. Melhor rela\u00e7\u00e3o de isotropia. filtra\u00e7\u00e3o eficaz ao longo do tempo. Maior resist\u00eancia mec\u00e2nica. Material sint\u00e9tico imputresc\u00edvel Maior resist\u00eancia aos raios UVa e UVb.<\/p>\n","protected":false},"author":1,"featured_media":0,"parent":11,"menu_order":0,"comment_status":"closed","ping_status":"closed","template":"","meta":{"neve_meta_sidebar":"","neve_meta_container":"","neve_meta_enable_content_width":"","neve_meta_content_width":0,"neve_meta_title_alignment":"","neve_meta_author_avatar":"","neve_post_elements_order":"","neve_meta_disable_header":"","neve_meta_disable_footer":"","neve_meta_disable_title":""},"_links":{"self":[{"href":"https:\/\/geotexes.com.br\/portal\/wp-json\/wp\/v2\/pages\/30"}],"collection":[{"href":"https:\/\/geotexes.com.br\/portal\/wp-json\/wp\/v2\/pages"}],"about":[{"href":"https:\/\/geotexes.com.br\/portal\/wp-json\/wp\/v2\/types\/page"}],"author":[{"embeddable":true,"href":"https:\/\/geotexes.com.br\/portal\/wp-json\/wp\/v2\/users\/1"}],"replies":[{"embeddable":true,"href":"https:\/\/geotexes.com.br\/portal\/wp-json\/wp\/v2\/comments?post=30"}],"version-history":[{"count":0,"href":"https:\/\/geotexes.com.br\/portal\/wp-json\/wp\/v2\/pages\/30\/revisions"}],"up":[{"embeddable":true,"href":"https:\/\/geotexes.com.br\/portal\/wp-json\/wp\/v2\/pages\/11"}],"wp:attachment":[{"href":"https:\/\/geotexes.com.br\/portal\/wp-json\/wp\/v2\/media?parent=30"}],"curies":[{"name":"wp","href":"https:\/\/api.w.org\/{rel}","templated":true}]}}