{"id":11,"date":"2009-04-15T09:14:58","date_gmt":"2009-04-15T12:14:58","guid":{"rendered":"http:\/\/www.geotexes.com.br\/site\/?page_id=11"},"modified":"2020-04-14T01:39:03","modified_gmt":"2020-04-14T04:39:03","slug":"bidim","status":"publish","type":"page","link":"https:\/\/geotexes.com.br\/portal\/produtos\/bidim\/","title":{"rendered":"Bidim Mexichem"},"content":{"rendered":"<ul>\n<li><strong><a href=\"http:\/\/geotexes.com.br\/portal\/produtos\/bidim\/geotextil-bidim-naotecido\/\">Geot\u00eaxtil\u00a0 Bidim n\u00e3otecido<\/a><\/strong><\/li>\n<li><strong><a href=\"http:\/\/geotexes.com.br\/portal\/produtos\/bidim\/geotextil-bidim-tecido\/\">Geot\u00eaxtil Bidim tecido<\/a><\/strong><\/li>\n<\/ul>\n<p style=\"text-align: left;\"><a href=\"http:\/\/geotexes.com.br\/portal\/produtos\/bidim\/versatilidade-e-desempenho\/\">Fun\u00e7\u00f5es &#8211; Versatilidade e Desempenho<\/a><\/p>\n<p style=\"text-align: left;\"><a href=\"http:\/\/geotexes.com.br\/portal\/produtos\/bidim\/aplicacoes\/\">Aplica\u00e7\u00f5es &#8211; Melhor custo Benef\u00edcio<\/a><\/p>\n<p style=\"text-align: left;\">\n","protected":false},"excerpt":{"rendered":"<p>Geot\u00eaxtil\u00a0 Bidim n\u00e3otecido Geot\u00eaxtil Bidim tecido Fun\u00e7\u00f5es &#8211; Versatilidade e Desempenho Aplica\u00e7\u00f5es &#8211; Melhor custo Benef\u00edcio<\/p>\n","protected":false},"author":1,"featured_media":0,"parent":8,"menu_order":0,"comment_status":"closed","ping_status":"closed","template":"templates\/template-full-width.php","meta":{"neve_meta_sidebar":"","neve_meta_container":"","neve_meta_enable_content_width":"","neve_meta_content_width":0,"neve_meta_title_alignment":"","neve_meta_author_avatar":"","neve_post_elements_order":"","neve_meta_disable_header":"","neve_meta_disable_footer":"","neve_meta_disable_title":""},"_links":{"self":[{"href":"https:\/\/geotexes.com.br\/portal\/wp-json\/wp\/v2\/pages\/11"}],"collection":[{"href":"https:\/\/geotexes.com.br\/portal\/wp-json\/wp\/v2\/pages"}],"about":[{"href":"https:\/\/geotexes.com.br\/portal\/wp-json\/wp\/v2\/types\/page"}],"author":[{"embeddable":true,"href":"https:\/\/geotexes.com.br\/portal\/wp-json\/wp\/v2\/users\/1"}],"replies":[{"embeddable":true,"href":"https:\/\/geotexes.com.br\/portal\/wp-json\/wp\/v2\/comments?post=11"}],"version-history":[{"count":0,"href":"https:\/\/geotexes.com.br\/portal\/wp-json\/wp\/v2\/pages\/11\/revisions"}],"up":[{"embeddable":true,"href":"https:\/\/geotexes.com.br\/portal\/wp-json\/wp\/v2\/pages\/8"}],"wp:attachment":[{"href":"https:\/\/geotexes.com.br\/portal\/wp-json\/wp\/v2\/media?parent=11"}],"curies":[{"name":"wp","href":"https:\/\/api.w.org\/{rel}","templated":true}]}}